{"id":7393,"date":"2018-05-07T07:43:45","date_gmt":"2018-05-07T07:43:45","guid":{"rendered":"https:\/\/sepia.unil.ch\/eet\/?page_id=7393"},"modified":"2020-01-15T11:07:25","modified_gmt":"2020-01-15T11:07:25","slug":"dossiers-et-reflexions","status":"publish","type":"page","link":"https:\/\/sepia2.unil.ch\/eet\/dossiers-et-reflexions\/","title":{"rendered":"Dossiers et r\u00e9flexions"},"content":{"rendered":"<!--themify_builder_content-->\n<div id=\"themify_builder_content-7393\" data-postid=\"7393\" class=\"themify_builder_content themify_builder_content-7393 themify_builder tf_clear\">\n    \t\t\t\t<!-- module_row -->\n\t\t<div  data-lazy=\"1\" class=\"module_row themify_builder_row tb_la0i150 tb_first tf_w tf_clearfix\">\n\t\t\t\t\t<div class=\"row_inner col_align_top tb_col_count_1 tf_box tf_rel\">\n\t\t\t\t\t<div  data-lazy=\"1\" class=\"module_column tb-column col-full tb_cpu0142 first\">\n\t\t\t\t\t\t\t\t\t<div class=\"tb-column-inner tf_box tf_w\">\n\t\t\t\t<!-- module text -->\n<div  class=\"module module-text tb_2j3e213   \" data-lazy=\"1\">\n        <div  class=\"tb_text_wrap\">\n    <p>Les dossiers th\u00e9matiques sont \u00e9dit\u00e9s collaborativement par les membres du RISET. Ils sont issus des r\u00e9flexions p\u00e9dagogiques qui animent ou ont anim\u00e9 le r\u00e9seau RISET, dans son objectif d\u2019am\u00e9liorer la qualit\u00e9 de l\u2019enseignement \u00e0 l\u2019UNIL.<\/p>    <\/div>\n<\/div>\n<!-- \/module text --><!-- module widget -->\n<div  class=\"module module-widget tb_5t0k440  \" data-lazy=\"1\">\n\t<div class=\"widget widget_wp_views\"><div id=\"wpv-view-layout-7383\" class=\"js-wpv-view-layout js-wpv-layout-responsive js-wpv-view-layout-7383\" data-viewnumber=\"7383\" data-pagination=\"{&quot;id&quot;:&quot;7383&quot;,&quot;query&quot;:&quot;normal&quot;,&quot;type&quot;:&quot;disabled&quot;,&quot;effect&quot;:&quot;fade&quot;,&quot;duration&quot;:500,&quot;speed&quot;:5,&quot;pause_on_hover&quot;:&quot;disabled&quot;,&quot;stop_rollover&quot;:&quot;false&quot;,&quot;cache_pages&quot;:&quot;enabled&quot;,&quot;preload_images&quot;:&quot;enabled&quot;,&quot;preload_pages&quot;:&quot;enabled&quot;,&quot;preload_reach&quot;:1,&quot;spinner&quot;:&quot;builtin&quot;,&quot;spinner_image&quot;:&quot;https:\/\/sepia.unil.ch\/eet\/wp-content\/plugins\/wp-views\/embedded\/res\/img\/ajax-loader.gif&quot;,&quot;callback_next&quot;:&quot;&quot;,&quot;manage_history&quot;:&quot;enabled&quot;,&quot;has_controls_in_form&quot;:&quot;disabled&quot;,&quot;infinite_tolerance&quot;:&quot;0&quot;,&quot;max_pages&quot;:0,&quot;page&quot;:1,&quot;base_permalink&quot;:&quot;\/eet\/wp-json\/wp\/v2\/pages\/7393?wpv_view_count=7383&amp;wpv_paged=WPV_PAGE_NUM&quot;,&quot;loop&quot;:{&quot;type&quot;:&quot;&quot;,&quot;name&quot;:&quot;&quot;,&quot;data&quot;:[],&quot;id&quot;:0}}\" data-permalink=\"\/eet\/wp-json\/wp\/v2\/pages\/7393?wpv_view_count=7383\">\n\n\t\n\n\t<div class=\"mylistrow listeDossiers\">\n    <!-- wpv-loop-start -->\n\t\n            <div class=\"mypost\">\n              \t<div class=\"mypost-image\"><img loading=\"lazy\" decoding=\"async\" width=\"300\" height=\"200\" src=\"https:\/\/sepia2.unil.ch\/eet\/wp-content\/uploads\/dreamstime_m_58870999-300x200.jpg\" class=\"attachment-medium size-medium wp-post-image\" alt=\"\" srcset=\"https:\/\/sepia2.unil.ch\/eet\/wp-content\/uploads\/dreamstime_m_58870999-300x200.jpg 300w, https:\/\/sepia2.unil.ch\/eet\/wp-content\/uploads\/dreamstime_m_58870999-1024x683.jpg 1024w\" sizes=\"auto, (max-width: 300px) 100vw, 300px\" \/><span class='copyright'>\u00a9Antonio Guillem | Dreamstime.com<\/span><\/div>\n    \t\t\t<h3 class=\"mypost-title publish project post-6520 type-project status-publish has-post-thumbnail hentry type-de-publication-type-publication-dossier has-post-title has-post-date has-post-category has-post-tag has-post-comment has-post-author \"><a href=\"https:\/\/sepia2.unil.ch\/eet\/project\/enseignement-et-apprentissage-centres-sur-letudiant-exemples-dactivites-et-apport-des-technologies\/\">Enseignement et apprentissage centr\u00e9s sur l&rsquo;\u00e9tudiant : exemples d\u2019activit\u00e9s et apport des technologies<\/a><\/h3>\n  \t\t\t\t<div class=\"mypost-excerpt\"><p>L\u2019enseignement et l\u2019apprentissage centr\u00e9s sur l\u2019\u00e9tudiant visent \u00e0 permettre aux \u00e9tudiants de d\u00e9velopper leurs propres strat\u00e9gies d\u2019apprentissage dans dires contextes. Ce dossier pr\u00e9sente des activit\u00e9s et des ressources technologiques mises \u00e0 disposition \u00e0 l\u2019UNIL, qui soutiennent cette approche.<\/p>\n<\/div>\n                <div class=\"mypost-data\">7 d\u00e9cembre 2016<\/div>\n\t\t\t<\/div>\n    \n            <div class=\"mypost\">\n              \t<div class=\"mypost-image\"><img loading=\"lazy\" decoding=\"async\" width=\"300\" height=\"218\" src=\"https:\/\/sepia2.unil.ch\/eet\/wp-content\/uploads\/cmaptools-300x218.jpg\" class=\"attachment-medium size-medium wp-post-image\" alt=\"\" srcset=\"https:\/\/sepia2.unil.ch\/eet\/wp-content\/uploads\/cmaptools-300x218.jpg 300w, https:\/\/sepia2.unil.ch\/eet\/wp-content\/uploads\/cmaptools-768x558.jpg 768w, https:\/\/sepia2.unil.ch\/eet\/wp-content\/uploads\/cmaptools.jpg 1015w\" sizes=\"auto, (max-width: 300px) 100vw, 300px\" \/><span class='copyright'><\/span><\/div>\n    \t\t\t<h3 class=\"mypost-title publish project post-8546 type-project status-publish has-post-thumbnail hentry type-de-publication-type-publication-dossier has-post-title has-post-date has-post-category has-post-tag has-post-comment has-post-author \"><a href=\"https:\/\/sepia2.unil.ch\/eet\/project\/cartographie_conceptuelle\/\">La cartographie conceptuelle, pour apprendre et pour enseigner<\/a><\/h3>\n  \t\t\t\t<div class=\"mypost-excerpt\"><p>Une carte conceptuelle est une repr\u00e9sentation graphique qui explicite les relations entre des concepts, et permet d\u2019organiser un ensemble de connaissances. Outil p\u00e9dagogique, la cartographie conceptuelle soutient le raisonnement et facilite l\u2019int\u00e9gration de nouveaux concepts dans la structure des connaissances pr\u00e9alables.<\/p>\n<\/div>\n                <div class=\"mypost-data\">21 avril 2016<\/div>\n\t\t\t<\/div>\n    \n            <div class=\"mypost\">\n              \t<div class=\"mypost-image\"><img loading=\"lazy\" decoding=\"async\" width=\"300\" height=\"200\" src=\"https:\/\/sepia2.unil.ch\/eet\/wp-content\/uploads\/dreamstime_m_8992998-300x200.jpg\" class=\"attachment-medium size-medium wp-post-image\" alt=\"\" srcset=\"https:\/\/sepia2.unil.ch\/eet\/wp-content\/uploads\/dreamstime_m_8992998-300x200.jpg 300w, https:\/\/sepia2.unil.ch\/eet\/wp-content\/uploads\/dreamstime_m_8992998-1024x683.jpg 1024w\" sizes=\"auto, (max-width: 300px) 100vw, 300px\" \/><span class='copyright'>\u00a9Marek Uliasz | Dreamstime.com<\/span><\/div>\n    \t\t\t<h3 class=\"mypost-title publish project post-5903 type-project status-publish has-post-thumbnail hentry type-de-publication-type-publication-dossier has-post-title has-post-date has-post-category has-post-tag has-post-comment has-post-author \"><a href=\"https:\/\/sepia2.unil.ch\/eet\/project\/le-feedback\/\">Enrichir le feedback \u00e0 l&rsquo;aide des technologies<\/a><\/h3>\n  \t\t\t\t<div class=\"mypost-excerpt\"><p>Plusieurs approches peuvent am\u00e9liorer la qualit\u00e9 du feedback fourni aux \u00e9tudiant-e-s: activit\u00e9 r\u00e9flexive incitant \u00e0 l\u2019auto-\u00e9valuation et \u00e0 l\u2019auto-r\u00e9gulation, dispositif sp\u00e9cifique comme des grilles crit\u00e9ri\u00e9es, ou mind-map. Vous trouverez dans ce dossier des informations th\u00e9oriques et pratiques pour mettre en place un feedback de qualit\u00e9 au service de l\u2019apprentissage.<\/p>\n<\/div>\n                <div class=\"mypost-data\">3 f\u00e9vrier 2016<\/div>\n\t\t\t<\/div>\n    \n            <div class=\"mypost\">\n              \t<div class=\"mypost-image\"><img loading=\"lazy\" decoding=\"async\" width=\"300\" height=\"261\" src=\"https:\/\/sepia2.unil.ch\/eet\/wp-content\/uploads\/Capture-d---e--cran-2018-05-14-a---08.38.21-300x261.png\" class=\"attachment-medium size-medium wp-post-image\" alt=\"\" srcset=\"https:\/\/sepia2.unil.ch\/eet\/wp-content\/uploads\/Capture-d---e--cran-2018-05-14-a---08.38.21-300x261.png 300w, https:\/\/sepia2.unil.ch\/eet\/wp-content\/uploads\/Capture-d---e--cran-2018-05-14-a---08.38.21-1024x890.png 1024w, https:\/\/sepia2.unil.ch\/eet\/wp-content\/uploads\/Capture-d---e--cran-2018-05-14-a---08.38.21.png 1480w\" sizes=\"auto, (max-width: 300px) 100vw, 300px\" \/><span class='copyright'><\/span><\/div>\n    \t\t\t<h3 class=\"mypost-title publish project post-8548 type-project status-publish has-post-thumbnail hentry type-de-publication-type-publication-dossier type-d-article-type-exemple-de-pratique type-d-article-type-guide-tutoriel type-d-article-type-outil type-d-article-type-scenario has-post-title has-post-date has-post-category has-post-tag has-post-comment has-post-author \"><a href=\"https:\/\/sepia2.unil.ch\/eet\/project\/video-2\/\">Travailler avec des vid\u00e9os destin\u00e9es \u00e0 l&rsquo;enseignement<\/a><\/h3>\n  \t\t\t\t<div class=\"mypost-excerpt\"><p>L\u2019\u00e9volution de la technologie, notamment dans le domaine de la diffusion de contenu multim\u00e9dia sur Internet, a facilit\u00e9 et de ce fait permis la g\u00e9n\u00e9ralisation de l\u2019utilisation de vid\u00e9os et documents audio par le grand public. Dans le milieu universitaire, l\u2019usage de ressources audio\/vid\u00e9o est \u00e9galement en constante progression. Pour en tirer un r\u00e9el b\u00e9n\u00e9fice p\u00e9dagogique, l\u2019utilisation de ce type de ressources doit \u00eatre pr\u00e9c\u00e9d\u00e9e d&rsquo;une r\u00e9flexion p\u00e9dagogique. C\u2019est pourquoi l\u2019Universit\u00e9 de Lausanne, au travers du RISET, propose aux enseignants int\u00e9ress\u00e9s un accompagnement pour l&rsquo;int\u00e9gration des ressources audio\/vid\u00e9o dans leurs sc\u00e9narios p\u00e9dagogiques ; l&rsquo;objectif est ici de conf\u00e9rer \u00e0 la ressource audio\/vid\u00e9o une fonction sp\u00e9cifique au sein d&rsquo;un dispositif p\u00e9dagogique plus large. Une telle d\u00e9marche s\u2019inscrit dans une volont\u00e9 plus g\u00e9n\u00e9rale de l\u2019UNIL d\u2019encourager la r\u00e9flexion p\u00e9dagogique, de favoriser la flexibilisation de l\u2019apprentissage, et d\u2019enrichir le temps de pr\u00e9sence en face \u00e0 face.<\/p>\n<\/div>\n                <div class=\"mypost-data\">10 juillet 2015<\/div>\n\t\t\t<\/div>\n    \n            <div class=\"mypost\">\n              \t<div class=\"mypost-image\"><img loading=\"lazy\" decoding=\"async\" width=\"300\" height=\"185\" src=\"https:\/\/sepia2.unil.ch\/eet\/wp-content\/uploads\/dreamstime_m_76577072_new-2-300x185.jpg\" class=\"attachment-medium size-medium wp-post-image\" alt=\"\" srcset=\"https:\/\/sepia2.unil.ch\/eet\/wp-content\/uploads\/dreamstime_m_76577072_new-2-300x185.jpg 300w, https:\/\/sepia2.unil.ch\/eet\/wp-content\/uploads\/dreamstime_m_76577072_new-2-1024x632.jpg 1024w\" sizes=\"auto, (max-width: 300px) 100vw, 300px\" \/><span class='copyright'>\u00a9Trustle | Dreamstime.com<\/span><\/div>\n    \t\t\t<h3 class=\"mypost-title publish project post-3195 type-project status-publish has-post-thumbnail hentry type-de-publication-type-publication-dossier has-post-title has-post-date has-post-category has-post-tag has-post-comment has-post-author \"><a href=\"https:\/\/sepia2.unil.ch\/eet\/project\/eportfolio\/\">ePortfolio: identifier et mettre en valeur ses comp\u00e9tences<\/a><\/h3>\n  \t\t\t\t<div class=\"mypost-excerpt\"><p>Le terme \u201cd\u00e9marche ePortfolio\u201d illustre une approche p\u00e9dagogique visant \u00e0 provoquer une prise de conscience, chez l\u2019\u00e9tudiant, des comp\u00e9tences qu\u2019il d\u00e9veloppe dans le cadre de sa formation, ainsi que de l\u2019importance de r\u00e9fl\u00e9chir au processus d\u2019apprentissage lui-m\u00eame. Vous trouverez dans ce dossier une vid\u00e9o de pr\u00e9sentation ainsi que beaucoup d&rsquo;informations utiles.<\/p>\n<\/div>\n                <div class=\"mypost-data\">3 juin 2015<\/div>\n\t\t\t<\/div>\n    \n    <!-- wpv-loop-end -->\n\t<\/div>\n\n\t\n\t\n<\/div>\n<\/div><\/div>\n<!-- \/module widget -->\n\t\t\t\t<\/div><!-- .tb-column-inner -->\n\t\t\t\t\t\t<\/div><!-- .module_column -->\n\t\t\t\t\t\t<\/div><!-- .row_inner -->\n\t\t<\/div><!-- .module_row -->\n\t\t\t\t<\/div>\n<!--\/themify_builder_content-->","protected":false},"excerpt":{"rendered":"<p>Les dossiers th\u00e9matiques sont \u00e9dit\u00e9s collaborativement par les membres du RISET. Ils sont issus des r\u00e9flexions p\u00e9dagogiques qui animent ou ont anim\u00e9 le r\u00e9seau RISET, dans son objectif d\u2019am\u00e9liorer la qualit\u00e9 de l\u2019enseignement \u00e0 l\u2019UNIL. Susciter et exploiter la diversit\u00e9 des travaux rendus 9 juillet 2018 Enseignement et apprentissage centr\u00e9s sur l&rsquo;\u00e9tudiant : exemples d\u2019activit\u00e9s [&hellip;]<\/p>\n","protected":false},"author":2,"featured_media":0,"parent":0,"menu_order":0,"comment_status":"closed","ping_status":"closed","template":"","meta":{"footnotes":""},"class_list":["post-7393","page","type-page","status-publish","hentry","has-post-title","has-post-date","has-post-category","has-post-tag","has-post-comment","has-post-author",""],"builder_content":"<p>Les dossiers th\u00e9matiques sont \u00e9dit\u00e9s collaborativement par les membres du RISET. Ils sont issus des r\u00e9flexions p\u00e9dagogiques qui animent ou ont anim\u00e9 le r\u00e9seau RISET, dans son objectif d\u2019am\u00e9liorer la qualit\u00e9 de l\u2019enseignement \u00e0 l\u2019UNIL.<\/p>\n<img width=\"300\" height=\"200\" src=\"https:\/\/sepia2.unil.ch\/eet\/wp-content\/uploads\/dreamstime_m_58870999-300x200.jpg\" alt=\"\" decoding=\"async\" loading=\"lazy\" srcset=\"https:\/\/sepia2.unil.ch\/eet\/wp-content\/uploads\/dreamstime_m_58870999-300x200.jpg 300w, https:\/\/sepia2.unil.ch\/eet\/wp-content\/uploads\/dreamstime_m_58870999-1024x683.jpg 1024w\" sizes=\"auto, (max-width: 300px) 100vw, 300px\" \/>\u00a9Antonio Guillem | Dreamstime.com <h3><a href=\"https:\/\/sepia2.unil.ch\/eet\/project\/enseignement-et-apprentissage-centres-sur-letudiant-exemples-dactivites-et-apport-des-technologies\/\">Enseignement et apprentissage centr\u00e9s sur l&rsquo;\u00e9tudiant : exemples d\u2019activit\u00e9s et apport des technologies<\/a><\/h3> <p>L\u2019enseignement et l\u2019apprentissage centr\u00e9s sur l\u2019\u00e9tudiant visent \u00e0 permettre aux \u00e9tudiants de d\u00e9velopper leurs propres strat\u00e9gies d\u2019apprentissage dans dires contextes. Ce dossier pr\u00e9sente des activit\u00e9s et des ressources technologiques mises \u00e0 disposition \u00e0 l\u2019UNIL, qui soutiennent cette approche.<\/p>\n 7 d\u00e9cembre 2016 <img width=\"300\" height=\"218\" src=\"https:\/\/sepia2.unil.ch\/eet\/wp-content\/uploads\/cmaptools-300x218.jpg\" alt=\"\" decoding=\"async\" loading=\"lazy\" srcset=\"https:\/\/sepia2.unil.ch\/eet\/wp-content\/uploads\/cmaptools-300x218.jpg 300w, https:\/\/sepia2.unil.ch\/eet\/wp-content\/uploads\/cmaptools-768x558.jpg 768w, https:\/\/sepia2.unil.ch\/eet\/wp-content\/uploads\/cmaptools.jpg 1015w\" sizes=\"auto, (max-width: 300px) 100vw, 300px\" \/> <h3><a href=\"https:\/\/sepia2.unil.ch\/eet\/project\/cartographie_conceptuelle\/\">La cartographie conceptuelle, pour apprendre et pour enseigner<\/a><\/h3> <p>Une carte conceptuelle est une repr\u00e9sentation graphique qui explicite les relations entre des concepts, et permet d\u2019organiser un ensemble de connaissances. Outil p\u00e9dagogique, la cartographie conceptuelle soutient le raisonnement et facilite l\u2019int\u00e9gration de nouveaux concepts dans la structure des connaissances pr\u00e9alables.<\/p>\n 21 avril 2016 <img width=\"300\" height=\"200\" src=\"https:\/\/sepia2.unil.ch\/eet\/wp-content\/uploads\/dreamstime_m_8992998-300x200.jpg\" alt=\"\" decoding=\"async\" loading=\"lazy\" srcset=\"https:\/\/sepia2.unil.ch\/eet\/wp-content\/uploads\/dreamstime_m_8992998-300x200.jpg 300w, https:\/\/sepia2.unil.ch\/eet\/wp-content\/uploads\/dreamstime_m_8992998-1024x683.jpg 1024w\" sizes=\"auto, (max-width: 300px) 100vw, 300px\" \/>\u00a9Marek Uliasz | Dreamstime.com <h3><a href=\"https:\/\/sepia2.unil.ch\/eet\/project\/le-feedback\/\">Enrichir le feedback \u00e0 l&rsquo;aide des technologies<\/a><\/h3> <p>Plusieurs approches peuvent am\u00e9liorer la qualit\u00e9 du feedback fourni aux \u00e9tudiant-e-s: activit\u00e9 r\u00e9flexive incitant \u00e0 l\u2019auto-\u00e9valuation et \u00e0 l\u2019auto-r\u00e9gulation, dispositif sp\u00e9cifique comme des grilles crit\u00e9ri\u00e9es, ou mind-map. Vous trouverez dans ce dossier des informations th\u00e9oriques et pratiques pour mettre en place un feedback de qualit\u00e9 au service de l\u2019apprentissage.<\/p>\n 3 f\u00e9vrier 2016 <img width=\"300\" height=\"261\" src=\"https:\/\/sepia2.unil.ch\/eet\/wp-content\/uploads\/Capture-d---e--cran-2018-05-14-a---08.38.21-300x261.png\" alt=\"\" decoding=\"async\" loading=\"lazy\" srcset=\"https:\/\/sepia2.unil.ch\/eet\/wp-content\/uploads\/Capture-d---e--cran-2018-05-14-a---08.38.21-300x261.png 300w, https:\/\/sepia2.unil.ch\/eet\/wp-content\/uploads\/Capture-d---e--cran-2018-05-14-a---08.38.21-1024x890.png 1024w, https:\/\/sepia2.unil.ch\/eet\/wp-content\/uploads\/Capture-d---e--cran-2018-05-14-a---08.38.21.png 1480w\" sizes=\"auto, (max-width: 300px) 100vw, 300px\" \/> <h3><a href=\"https:\/\/sepia2.unil.ch\/eet\/project\/video-2\/\">Travailler avec des vid\u00e9os destin\u00e9es \u00e0 l&rsquo;enseignement<\/a><\/h3> <p>L\u2019\u00e9volution de la technologie, notamment dans le domaine de la diffusion de contenu multim\u00e9dia sur Internet, a facilit\u00e9 et de ce fait permis la g\u00e9n\u00e9ralisation de l\u2019utilisation de vid\u00e9os et documents audio par le grand public. Dans le milieu universitaire, l\u2019usage de ressources audio\/vid\u00e9o est \u00e9galement en constante progression. Pour en tirer un r\u00e9el b\u00e9n\u00e9fice p\u00e9dagogique, l\u2019utilisation de ce type de ressources doit \u00eatre pr\u00e9c\u00e9d\u00e9e d&rsquo;une r\u00e9flexion p\u00e9dagogique. C\u2019est pourquoi l\u2019Universit\u00e9 de Lausanne, au travers du RISET, propose aux enseignants int\u00e9ress\u00e9s un accompagnement pour l&rsquo;int\u00e9gration des ressources audio\/vid\u00e9o dans leurs sc\u00e9narios p\u00e9dagogiques ; l&rsquo;objectif est ici de conf\u00e9rer \u00e0 la ressource audio\/vid\u00e9o une fonction sp\u00e9cifique au sein d&rsquo;un dispositif p\u00e9dagogique plus large. Une telle d\u00e9marche s\u2019inscrit dans une volont\u00e9 plus g\u00e9n\u00e9rale de l\u2019UNIL d\u2019encourager la r\u00e9flexion p\u00e9dagogique, de favoriser la flexibilisation de l\u2019apprentissage, et d\u2019enrichir le temps de pr\u00e9sence en face \u00e0 face.<\/p>\n 10 juillet 2015 <img width=\"300\" height=\"185\" src=\"https:\/\/sepia2.unil.ch\/eet\/wp-content\/uploads\/dreamstime_m_76577072_new-2-300x185.jpg\" alt=\"\" decoding=\"async\" loading=\"lazy\" srcset=\"https:\/\/sepia2.unil.ch\/eet\/wp-content\/uploads\/dreamstime_m_76577072_new-2-300x185.jpg 300w, https:\/\/sepia2.unil.ch\/eet\/wp-content\/uploads\/dreamstime_m_76577072_new-2-1024x632.jpg 1024w\" sizes=\"auto, (max-width: 300px) 100vw, 300px\" \/>\u00a9Trustle | Dreamstime.com <h3><a href=\"https:\/\/sepia2.unil.ch\/eet\/project\/eportfolio\/\">ePortfolio: identifier et mettre en valeur ses comp\u00e9tences<\/a><\/h3> <p>Le terme \u201cd\u00e9marche ePortfolio\u201d illustre une approche p\u00e9dagogique visant \u00e0 provoquer une prise de conscience, chez l\u2019\u00e9tudiant, des comp\u00e9tences qu\u2019il d\u00e9veloppe dans le cadre de sa formation, ainsi que de l\u2019importance de r\u00e9fl\u00e9chir au processus d\u2019apprentissage lui-m\u00eame. Vous trouverez dans ce dossier une vid\u00e9o de pr\u00e9sentation ainsi que beaucoup d&rsquo;informations utiles.<\/p>\n 3 juin 2015","_links":{"self":[{"href":"https:\/\/sepia2.unil.ch\/eet\/wp-json\/wp\/v2\/pages\/7393","targetHints":{"allow":["GET"]}}],"collection":[{"href":"https:\/\/sepia2.unil.ch\/eet\/wp-json\/wp\/v2\/pages"}],"about":[{"href":"https:\/\/sepia2.unil.ch\/eet\/wp-json\/wp\/v2\/types\/page"}],"author":[{"embeddable":true,"href":"https:\/\/sepia2.unil.ch\/eet\/wp-json\/wp\/v2\/users\/2"}],"replies":[{"embeddable":true,"href":"https:\/\/sepia2.unil.ch\/eet\/wp-json\/wp\/v2\/comments?post=7393"}],"version-history":[{"count":4,"href":"https:\/\/sepia2.unil.ch\/eet\/wp-json\/wp\/v2\/pages\/7393\/revisions"}],"predecessor-version":[{"id":8559,"href":"https:\/\/sepia2.unil.ch\/eet\/wp-json\/wp\/v2\/pages\/7393\/revisions\/8559"}],"wp:attachment":[{"href":"https:\/\/sepia2.unil.ch\/eet\/wp-json\/wp\/v2\/media?parent=7393"}],"curies":[{"name":"wp","href":"https:\/\/api.w.org\/{rel}","templated":true}]}}